{"id":739,"date":"2022-03-03T08:36:19","date_gmt":"2022-03-03T08:36:19","guid":{"rendered":"https:\/\/stoetfloorball.dk\/?page_id=739"},"modified":"2024-07-12T09:32:39","modified_gmt":"2024-07-12T07:32:39","slug":"program","status":"publish","type":"page","link":"https:\/\/stoetfloorball.dk\/?page_id=739","title":{"rendered":"Program"},"content":{"rendered":"\t\t<div data-elementor-type=\"wp-page\" data-elementor-id=\"739\" class=\"elementor elementor-739\">\n\t\t\t\t\t\t<section class=\"elementor-section elementor-top-section elementor-element elementor-element-04df5ed elementor-section-boxed elementor-section-height-default elementor-section-height-default\" data-id=\"04df5ed\" data-element_type=\"section\" data-e-type=\"section\" data-settings=\"{&quot;background_background&quot;:&quot;classic&quot;}\">\n\t\t\t\t\t\t\t<div class=\"elementor-background-overlay\"><\/div>\n\t\t\t\t\t\t\t<div class=\"elementor-container elementor-column-gap-no\">\n\t\t\t\t\t<div class=\"elementor-column elementor-col-100 elementor-top-column elementor-element elementor-element-934348b\" data-id=\"934348b\" data-element_type=\"column\" data-e-type=\"column\">\n\t\t\t<div class=\"elementor-widget-wrap\">\n\t\t\t\t\t\t\t<\/div>\n\t\t<\/div>\n\t\t\t\t\t<\/div>\n\t\t<\/section>\n\t\t\t\t<section class=\"elementor-section elementor-top-section elementor-element elementor-element-c0013a8 elementor-section-boxed elementor-section-height-default elementor-section-height-default\" data-id=\"c0013a8\" data-element_type=\"section\" data-e-type=\"section\" data-settings=\"{&quot;background_background&quot;:&quot;gradient&quot;}\">\n\t\t\t\t\t\t<div class=\"elementor-container elementor-column-gap-no\">\n\t\t\t\t\t<div class=\"elementor-column elementor-col-100 elementor-top-column elementor-element elementor-element-e8da747\" data-id=\"e8da747\" data-element_type=\"column\" data-e-type=\"column\">\n\t\t\t<div class=\"elementor-widget-wrap elementor-element-populated\">\n\t\t\t\t\t\t<div class=\"elementor-element elementor-element-6c9943e elementor-widget elementor-widget-text-editor\" data-id=\"6c9943e\" data-element_type=\"widget\" data-e-type=\"widget\" data-widget_type=\"text-editor.default\">\n\t\t\t\t<div class=\"elementor-widget-container\">\n\t\t\t\t\t\t\t\t\t<p>F\u00f8lgende har bidraget til st\u00f8tteforeningen<\/p>\t\t\t\t\t\t\t\t<\/div>\n\t\t\t\t<\/div>\n\t\t\t\t\t<\/div>\n\t\t<\/div>\n\t\t\t\t\t<\/div>\n\t\t<\/section>\n\t\t\t\t<section class=\"elementor-section elementor-top-section elementor-element elementor-element-1cddffb elementor-section-boxed elementor-section-height-default elementor-section-height-default\" data-id=\"1cddffb\" data-element_type=\"section\" data-e-type=\"section\">\n\t\t\t\t\t\t<div class=\"elementor-container elementor-column-gap-default\">\n\t\t\t\t\t<div class=\"elementor-column elementor-col-50 elementor-top-column elementor-element elementor-element-a1a92c9\" data-id=\"a1a92c9\" data-element_type=\"column\" data-e-type=\"column\">\n\t\t\t<div class=\"elementor-widget-wrap elementor-element-populated\">\n\t\t\t\t\t\t<div class=\"elementor-element elementor-element-fe4911f elementor-widget elementor-widget-text-editor\" data-id=\"fe4911f\" data-element_type=\"widget\" data-e-type=\"widget\" data-widget_type=\"text-editor.default\">\n\t\t\t\t<div class=\"elementor-widget-container\">\n\t\t\t\t\t\t\t\t\t<h3 style=\"font-size: 1.777778rem; font-style: normal;\"><u>Bevica Fonden<\/u><\/h3><p style=\"font-size: 24px; font-style: normal; caret-color: #566476; color: #566476; font-family: 'Nunito Sans', sans-serif;\">Linn\u00e9sgade 18<\/p><p style=\"font-size: 24px; font-style: normal; caret-color: #566476; color: #566476; font-family: 'Nunito Sans', sans-serif;\">1361 K\u00f8benhavn K<\/p><h3 style=\"font-size: 1.777778rem; font-style: normal;\">\u00a0<\/h3><h3 style=\"font-size: 1.777778rem; font-style: normal;\"><u>Sportgoodsfonden<\/u><\/h3><p style=\"font-size: 24px; font-style: normal; caret-color: #566476; color: #566476; font-family: 'Nunito Sans', sans-serif;\">Amaliegade<span style=\"font-weight: inherit;\">\u00a031<\/span><\/p><p style=\"font-size: 24px; font-style: normal; caret-color: #566476; color: #566476; font-family: 'Nunito Sans', sans-serif;\">1256 K\u00f8benhavn K<\/p>\t\t\t\t\t\t\t\t<\/div>\n\t\t\t\t<\/div>\n\t\t\t\t\t<\/div>\n\t\t<\/div>\n\t\t\t\t<div class=\"elementor-column elementor-col-50 elementor-top-column elementor-element elementor-element-19673fd\" data-id=\"19673fd\" data-element_type=\"column\" data-e-type=\"column\">\n\t\t\t<div class=\"elementor-widget-wrap elementor-element-populated\">\n\t\t\t\t\t\t<div class=\"elementor-element elementor-element-866faa7 elementor-widget elementor-widget-image\" data-id=\"866faa7\" data-element_type=\"widget\" data-e-type=\"widget\" data-widget_type=\"image.default\">\n\t\t\t\t<div class=\"elementor-widget-container\">\n\t\t\t\t\t\t\t\t\t\t\t\t\t\t\t<img fetchpriority=\"high\" decoding=\"async\" width=\"1024\" height=\"768\" src=\"https:\/\/stoetfloorball.dk\/wp-content\/uploads\/2024\/05\/IMG_3986-1024x768.jpeg\" class=\"attachment-large size-large wp-image-2718\" alt=\"\" srcset=\"https:\/\/stoetfloorball.dk\/wp-content\/uploads\/2024\/05\/IMG_3986-1024x768.jpeg 1024w, https:\/\/stoetfloorball.dk\/wp-content\/uploads\/2024\/05\/IMG_3986-300x225.jpeg 300w, https:\/\/stoetfloorball.dk\/wp-content\/uploads\/2024\/05\/IMG_3986-768x576.jpeg 768w, https:\/\/stoetfloorball.dk\/wp-content\/uploads\/2024\/05\/IMG_3986-1536x1152.jpeg 1536w, https:\/\/stoetfloorball.dk\/wp-content\/uploads\/2024\/05\/IMG_3986-2048x1536.jpeg 2048w\" sizes=\"(max-width: 1024px) 100vw, 1024px\" \/>\t\t\t\t\t\t\t\t\t\t\t\t\t\t\t<\/div>\n\t\t\t\t<\/div>\n\t\t\t\t\t<\/div>\n\t\t<\/div>\n\t\t\t\t\t<\/div>\n\t\t<\/section>\n\t\t\t\t<section class=\"elementor-section elementor-top-section elementor-element elementor-element-38d37a3 elementor-section-boxed elementor-section-height-default elementor-section-height-default\" data-id=\"38d37a3\" data-element_type=\"section\" data-e-type=\"section\">\n\t\t\t\t\t\t<div class=\"elementor-container elementor-column-gap-default\">\n\t\t\t\t\t<div class=\"elementor-column elementor-col-50 elementor-top-column elementor-element elementor-element-d9f05dd\" data-id=\"d9f05dd\" data-element_type=\"column\" data-e-type=\"column\">\n\t\t\t<div class=\"elementor-widget-wrap elementor-element-populated\">\n\t\t\t\t\t\t<div class=\"elementor-element elementor-element-7d8ee42 elementor-widget elementor-widget-image\" data-id=\"7d8ee42\" data-element_type=\"widget\" data-e-type=\"widget\" data-widget_type=\"image.default\">\n\t\t\t\t<div class=\"elementor-widget-container\">\n\t\t\t\t\t\t\t\t\t\t\t\t\t\t\t<img decoding=\"async\" width=\"1024\" height=\"768\" src=\"https:\/\/stoetfloorball.dk\/wp-content\/uploads\/2024\/05\/IMG_3975-1024x768.jpeg\" class=\"attachment-large size-large wp-image-2704\" alt=\"\" srcset=\"https:\/\/stoetfloorball.dk\/wp-content\/uploads\/2024\/05\/IMG_3975-1024x768.jpeg 1024w, https:\/\/stoetfloorball.dk\/wp-content\/uploads\/2024\/05\/IMG_3975-300x225.jpeg 300w, https:\/\/stoetfloorball.dk\/wp-content\/uploads\/2024\/05\/IMG_3975-768x576.jpeg 768w, https:\/\/stoetfloorball.dk\/wp-content\/uploads\/2024\/05\/IMG_3975-1536x1152.jpeg 1536w, https:\/\/stoetfloorball.dk\/wp-content\/uploads\/2024\/05\/IMG_3975-2048x1536.jpeg 2048w\" sizes=\"(max-width: 1024px) 100vw, 1024px\" \/>\t\t\t\t\t\t\t\t\t\t\t\t\t\t\t<\/div>\n\t\t\t\t<\/div>\n\t\t\t\t\t<\/div>\n\t\t<\/div>\n\t\t\t\t<div class=\"elementor-column elementor-col-50 elementor-top-column elementor-element elementor-element-f7be21f\" data-id=\"f7be21f\" data-element_type=\"column\" data-e-type=\"column\">\n\t\t\t<div class=\"elementor-widget-wrap elementor-element-populated\">\n\t\t\t\t\t\t<div class=\"elementor-element elementor-element-9a5c6ac elementor-widget elementor-widget-text-editor\" data-id=\"9a5c6ac\" data-element_type=\"widget\" data-e-type=\"widget\" data-widget_type=\"text-editor.default\">\n\t\t\t\t<div class=\"elementor-widget-container\">\n\t\t\t\t\t\t\t\t\t<h3 style=\"font-size: 1.777778rem; font-style: normal;\"><u>Jascha Fonden<\/u><\/h3><p style=\"font-size: 24px; font-style: normal; caret-color: #566476; color: #566476; font-family: 'Nunito Sans', sans-serif;\">Kongevejen 495B<\/p><p style=\"font-size: 24px; font-style: normal; caret-color: #566476; color: #566476; font-family: 'Nunito Sans', sans-serif;\">2840 Holte<\/p><p style=\"font-size: 24px; font-style: normal; caret-color: #566476; color: #566476; font-family: 'Nunito Sans', sans-serif;\">\u00a0<\/p><h3 style=\"font-size: 1.777778rem; font-style: normal;\"><u>Li<b>ssi og Egon Kristiansens Fond<\/b><\/u><\/h3><p style=\"font-size: 24px; font-style: normal; caret-color: #566476; color: #566476; font-family: 'Nunito Sans', sans-serif;\">Torvet 3<\/p><p style=\"font-size: 24px; font-style: normal; caret-color: #566476; color: #566476; font-family: 'Nunito Sans', sans-serif;\">8600 Silkeborg<\/p>\t\t\t\t\t\t\t\t<\/div>\n\t\t\t\t<\/div>\n\t\t\t\t\t<\/div>\n\t\t<\/div>\n\t\t\t\t\t<\/div>\n\t\t<\/section>\n\t\t\t\t<section class=\"elementor-section elementor-top-section elementor-element elementor-element-235201e elementor-section-boxed elementor-section-height-default elementor-section-height-default\" data-id=\"235201e\" data-element_type=\"section\" data-e-type=\"section\">\n\t\t\t\t\t\t<div class=\"elementor-container elementor-column-gap-default\">\n\t\t\t\t\t<div class=\"elementor-column elementor-col-50 elementor-top-column elementor-element elementor-element-51465aa\" data-id=\"51465aa\" data-element_type=\"column\" data-e-type=\"column\">\n\t\t\t<div class=\"elementor-widget-wrap elementor-element-populated\">\n\t\t\t\t\t\t<div class=\"elementor-element elementor-element-f32d056 elementor-widget elementor-widget-text-editor\" data-id=\"f32d056\" data-element_type=\"widget\" data-e-type=\"widget\" data-widget_type=\"text-editor.default\">\n\t\t\t\t<div class=\"elementor-widget-container\">\n\t\t\t\t\t\t\t\t\t<h3><strong style=\"text-decoration: underline; font-size: 1.777778rem;\">Trelleborg Fonden &#8211; i samarbejde med Sydbank<\/strong><\/h3><div><p style=\"font-size: 24px; font-style: normal;\">Schweizerpladsen 1A\u00a0<\/p><p style=\"font-size: 24px; font-style: normal;\">4200 Slagelse<\/p><\/div><h3>\u00a0<\/h3><h3><strong style=\"text-decoration: underline; font-size: 1.777778rem; font-style: inherit;\">IM Advice ApS<\/strong><\/h3><p>Holdbergsgade 28B\u00a0<\/p><p>1057 K\u00f8benhavn K<\/p><p><span style=\"color: #2f3c4c; font-family: 'Be Vietnam Pro', sans-serif; font-size: 1.777778rem; font-style: inherit; font-weight: 600;\">\u00a0<\/span><\/p><h3><span style=\"text-decoration: underline;\"><strong>Prime Assurance<\/strong><\/span><br \/><span style=\"text-decoration: underline;\"><strong>Forsikringsm\u00e6glerselskab A\/S<\/strong><\/span><\/h3><p>Korskildelund 6<\/p><p>2670 Greve<\/p>\t\t\t\t\t\t\t\t<\/div>\n\t\t\t\t<\/div>\n\t\t\t\t\t<\/div>\n\t\t<\/div>\n\t\t\t\t<div class=\"elementor-column elementor-col-50 elementor-top-column elementor-element elementor-element-829aedc\" data-id=\"829aedc\" data-element_type=\"column\" data-e-type=\"column\">\n\t\t\t<div class=\"elementor-widget-wrap elementor-element-populated\">\n\t\t\t\t\t\t<div class=\"elementor-element elementor-element-fe53aba elementor-widget elementor-widget-image\" data-id=\"fe53aba\" data-element_type=\"widget\" data-e-type=\"widget\" data-widget_type=\"image.default\">\n\t\t\t\t<div class=\"elementor-widget-container\">\n\t\t\t\t\t\t\t\t\t\t\t\t\t\t\t<img decoding=\"async\" width=\"512\" height=\"512\" src=\"https:\/\/stoetfloorball.dk\/wp-content\/uploads\/2023\/05\/p5MWODLW.jpg\" class=\"attachment-large size-large wp-image-2355\" alt=\"\" srcset=\"https:\/\/stoetfloorball.dk\/wp-content\/uploads\/2023\/05\/p5MWODLW.jpg 512w, https:\/\/stoetfloorball.dk\/wp-content\/uploads\/2023\/05\/p5MWODLW-300x300.jpg 300w, https:\/\/stoetfloorball.dk\/wp-content\/uploads\/2023\/05\/p5MWODLW-150x150.jpg 150w\" sizes=\"(max-width: 512px) 100vw, 512px\" \/>\t\t\t\t\t\t\t\t\t\t\t\t\t\t\t<\/div>\n\t\t\t\t<\/div>\n\t\t\t\t\t<\/div>\n\t\t<\/div>\n\t\t\t\t\t<\/div>\n\t\t<\/section>\n\t\t\t\t<section class=\"elementor-section elementor-top-section elementor-element elementor-element-7966244 elementor-section-boxed elementor-section-height-default elementor-section-height-default\" data-id=\"7966244\" data-element_type=\"section\" data-e-type=\"section\">\n\t\t\t\t\t\t<div class=\"elementor-container elementor-column-gap-default\">\n\t\t\t\t\t<div class=\"elementor-column elementor-col-50 elementor-top-column elementor-element elementor-element-3ed20fb\" data-id=\"3ed20fb\" data-element_type=\"column\" data-e-type=\"column\">\n\t\t\t<div class=\"elementor-widget-wrap elementor-element-populated\">\n\t\t\t\t\t\t<div class=\"elementor-element elementor-element-5dd8a20 elementor-widget elementor-widget-text-editor\" data-id=\"5dd8a20\" data-element_type=\"widget\" data-e-type=\"widget\" data-widget_type=\"text-editor.default\">\n\t\t\t\t<div class=\"elementor-widget-container\">\n\t\t\t\t\t\t\t\t\t<h3>\u00a0<\/h3><h3><span style=\"text-decoration: underline;\"><strong>Cegal Danmark A\/S<\/strong><\/span><\/h3><p>Tobaksvejen 2A<\/p><p>2860 S\u00f8borg<br \/><br \/><\/p><p>\u00a0<\/p><h3><span style=\"text-decoration: underline;\"><strong>Wolturnus A\/S<\/strong><\/span><\/h3><p>Skalhuse 31, Gelstrup<\/p><p>9240 Nibe<\/p>\t\t\t\t\t\t\t\t<\/div>\n\t\t\t\t<\/div>\n\t\t\t\t\t<\/div>\n\t\t<\/div>\n\t\t\t\t<div class=\"elementor-column elementor-col-50 elementor-top-column elementor-element elementor-element-3e8c994\" data-id=\"3e8c994\" data-element_type=\"column\" data-e-type=\"column\">\n\t\t\t<div class=\"elementor-widget-wrap elementor-element-populated\">\n\t\t\t\t\t\t<div class=\"elementor-element elementor-element-cf27dad elementor-widget elementor-widget-image\" data-id=\"cf27dad\" data-element_type=\"widget\" data-e-type=\"widget\" data-widget_type=\"image.default\">\n\t\t\t\t<div class=\"elementor-widget-container\">\n\t\t\t\t\t\t\t\t\t\t\t\t\t\t\t<img loading=\"lazy\" decoding=\"async\" width=\"512\" height=\"512\" src=\"https:\/\/stoetfloorball.dk\/wp-content\/uploads\/2023\/04\/H1UJaza5.jpg\" class=\"attachment-large size-large wp-image-1976\" alt=\"\" srcset=\"https:\/\/stoetfloorball.dk\/wp-content\/uploads\/2023\/04\/H1UJaza5.jpg 512w, https:\/\/stoetfloorball.dk\/wp-content\/uploads\/2023\/04\/H1UJaza5-300x300.jpg 300w, https:\/\/stoetfloorball.dk\/wp-content\/uploads\/2023\/04\/H1UJaza5-150x150.jpg 150w\" sizes=\"(max-width: 512px) 100vw, 512px\" \/>\t\t\t\t\t\t\t\t\t\t\t\t\t\t\t<\/div>\n\t\t\t\t<\/div>\n\t\t\t\t\t<\/div>\n\t\t<\/div>\n\t\t\t\t\t<\/div>\n\t\t<\/section>\n\t\t\t\t<section class=\"elementor-section elementor-top-section elementor-element elementor-element-6da5234 elementor-section-boxed elementor-section-height-default elementor-section-height-default\" data-id=\"6da5234\" data-element_type=\"section\" data-e-type=\"section\">\n\t\t\t\t\t\t<div class=\"elementor-container elementor-column-gap-default\">\n\t\t\t\t\t<div class=\"elementor-column elementor-col-50 elementor-top-column elementor-element elementor-element-ccef55f\" data-id=\"ccef55f\" data-element_type=\"column\" data-e-type=\"column\">\n\t\t\t<div class=\"elementor-widget-wrap elementor-element-populated\">\n\t\t\t\t\t\t<div class=\"elementor-element elementor-element-6073e2a elementor-widget elementor-widget-image\" data-id=\"6073e2a\" data-element_type=\"widget\" data-e-type=\"widget\" data-widget_type=\"image.default\">\n\t\t\t\t<div class=\"elementor-widget-container\">\n\t\t\t\t\t\t\t\t\t\t\t\t\t\t\t<img loading=\"lazy\" decoding=\"async\" width=\"512\" height=\"512\" src=\"https:\/\/stoetfloorball.dk\/wp-content\/uploads\/2023\/04\/E5P522jE.jpg\" class=\"attachment-large size-large wp-image-1975\" alt=\"\" srcset=\"https:\/\/stoetfloorball.dk\/wp-content\/uploads\/2023\/04\/E5P522jE.jpg 512w, https:\/\/stoetfloorball.dk\/wp-content\/uploads\/2023\/04\/E5P522jE-300x300.jpg 300w, https:\/\/stoetfloorball.dk\/wp-content\/uploads\/2023\/04\/E5P522jE-150x150.jpg 150w\" sizes=\"(max-width: 512px) 100vw, 512px\" \/>\t\t\t\t\t\t\t\t\t\t\t\t\t\t\t<\/div>\n\t\t\t\t<\/div>\n\t\t\t\t\t<\/div>\n\t\t<\/div>\n\t\t\t\t<div class=\"elementor-column elementor-col-50 elementor-top-column elementor-element elementor-element-cd02e86\" data-id=\"cd02e86\" data-element_type=\"column\" data-e-type=\"column\">\n\t\t\t<div class=\"elementor-widget-wrap elementor-element-populated\">\n\t\t\t\t\t\t<div class=\"elementor-element elementor-element-6907d80 elementor-widget elementor-widget-text-editor\" data-id=\"6907d80\" data-element_type=\"widget\" data-e-type=\"widget\" data-widget_type=\"text-editor.default\">\n\t\t\t\t<div class=\"elementor-widget-container\">\n\t\t\t\t\t\t\t\t\t<h3><span style=\"text-decoration: underline;\"><strong>Forsikringsm\u00e6glerforeningen<\/strong><\/span><\/h3><p>Strandvejen 60<\/p><p>2900 Hellerup<\/p><p>\u00a0<\/p><h3><span style=\"text-decoration: underline;\"><strong>Take a Breath ApS<\/strong><\/span><\/h3><p>Sigridsvej 24<\/p><p><span style=\"font-style: inherit;\">3650 \u00d8lstykke<\/span><\/p>\t\t\t\t\t\t\t\t<\/div>\n\t\t\t\t<\/div>\n\t\t\t\t\t<\/div>\n\t\t<\/div>\n\t\t\t\t\t<\/div>\n\t\t<\/section>\n\t\t\t\t<section class=\"elementor-section elementor-top-section elementor-element elementor-element-bcacf0d elementor-section-boxed elementor-section-height-default elementor-section-height-default\" data-id=\"bcacf0d\" data-element_type=\"section\" data-e-type=\"section\">\n\t\t\t\t\t\t<div class=\"elementor-container elementor-column-gap-default\">\n\t\t\t\t\t<div class=\"elementor-column elementor-col-50 elementor-top-column elementor-element elementor-element-e383866\" data-id=\"e383866\" data-element_type=\"column\" data-e-type=\"column\">\n\t\t\t<div class=\"elementor-widget-wrap elementor-element-populated\">\n\t\t\t\t\t\t<div class=\"elementor-element elementor-element-2951926 elementor-widget elementor-widget-image\" data-id=\"2951926\" data-element_type=\"widget\" data-e-type=\"widget\" data-widget_type=\"image.default\">\n\t\t\t\t<div class=\"elementor-widget-container\">\n\t\t\t\t\t\t\t\t\t\t\t\t\t\t\t<img loading=\"lazy\" decoding=\"async\" width=\"1024\" height=\"683\" src=\"https:\/\/stoetfloorball.dk\/wp-content\/uploads\/2023\/05\/PCH-9936-1024x683.jpg\" class=\"attachment-large size-large wp-image-2364\" alt=\"\" srcset=\"https:\/\/stoetfloorball.dk\/wp-content\/uploads\/2023\/05\/PCH-9936-1024x683.jpg 1024w, https:\/\/stoetfloorball.dk\/wp-content\/uploads\/2023\/05\/PCH-9936-scaled-e1683738910280-300x201.jpg 300w, https:\/\/stoetfloorball.dk\/wp-content\/uploads\/2023\/05\/PCH-9936-768x513.jpg 768w, https:\/\/stoetfloorball.dk\/wp-content\/uploads\/2023\/05\/PCH-9936-1536x1025.jpg 1536w, https:\/\/stoetfloorball.dk\/wp-content\/uploads\/2023\/05\/PCH-9936-2048x1367.jpg 2048w, https:\/\/stoetfloorball.dk\/wp-content\/uploads\/2023\/05\/PCH-9936-scaled-e1683738910280.jpg 600w\" sizes=\"(max-width: 1024px) 100vw, 1024px\" \/>\t\t\t\t\t\t\t\t\t\t\t\t\t\t\t<\/div>\n\t\t\t\t<\/div>\n\t\t\t\t\t<\/div>\n\t\t<\/div>\n\t\t\t\t<div class=\"elementor-column elementor-col-50 elementor-top-column elementor-element elementor-element-815381a\" data-id=\"815381a\" data-element_type=\"column\" data-e-type=\"column\">\n\t\t\t<div class=\"elementor-widget-wrap elementor-element-populated\">\n\t\t\t\t\t\t<div class=\"elementor-element elementor-element-8516fd0 elementor-widget elementor-widget-text-editor\" data-id=\"8516fd0\" data-element_type=\"widget\" data-e-type=\"widget\" data-widget_type=\"text-editor.default\">\n\t\t\t\t<div class=\"elementor-widget-container\">\n\t\t\t\t\t\t\t\t\t<h3><span style=\"text-decoration: underline;\"><strong>Terminalen R\u00f8dovre &#8211; \u00d8 &amp; B ApS<\/strong><\/span><\/h3>\n<p>N\u00f8rreg\u00e5rdsvej 174<\/p><p>2610 R\u00f8dovre<\/p>\t\t\t\t\t\t\t\t<\/div>\n\t\t\t\t<\/div>\n\t\t\t\t\t<\/div>\n\t\t<\/div>\n\t\t\t\t\t<\/div>\n\t\t<\/section>\n\t\t\t\t<\/div>\n\t\t","protected":false},"excerpt":{"rendered":"<p>F\u00f8lgende har bidraget til st\u00f8tteforeningen Bevica Fonden Linn\u00e9sgade 18 1361 K\u00f8benhavn K \u00a0 Sportgoodsfonden Amaliegade\u00a031 1256 K\u00f8benhavn K Jascha Fonden Kongevejen 495B 2840 Holte \u00a0 Lissi og Egon Kristiansens Fond Torvet 3 8600 Silkeborg Trelleborg Fonden &#8211; i samarbejde med Sydbank Schweizerpladsen 1A\u00a0 4200 Slagelse \u00a0 IM Advice ApS Holdbergsgade 28B\u00a0 1057 K\u00f8benhavn K \u00a0 &hellip;<\/p>\n<p class=\"read-more\"> <a class=\"\" href=\"https:\/\/stoetfloorball.dk\/?page_id=739\"> <span class=\"screen-reader-text\">Program<\/span> L\u00e6s mere &raquo;<\/a><\/p>\n","protected":false},"author":1,"featured_media":0,"parent":0,"menu_order":0,"comment_status":"closed","ping_status":"closed","template":"","meta":{"site-sidebar-layout":"no-sidebar","site-content-layout":"page-builder","ast-global-header-display":"","ast-main-header-display":"","ast-hfb-above-header-display":"","ast-hfb-below-header-display":"","ast-hfb-mobile-header-display":"","site-post-title":"disabled","ast-breadcrumbs-content":"","ast-featured-img":"disabled","footer-sml-layout":"","theme-transparent-header-meta":"enabled","adv-header-id-meta":"","stick-header-meta":"","header-above-stick-meta":"","header-main-stick-meta":"","header-below-stick-meta":"","footnotes":""},"class_list":["post-739","page","type-page","status-publish","hentry"],"_links":{"self":[{"href":"https:\/\/stoetfloorball.dk\/index.php?rest_route=\/wp\/v2\/pages\/739","targetHints":{"allow":["GET"]}}],"collection":[{"href":"https:\/\/stoetfloorball.dk\/index.php?rest_route=\/wp\/v2\/pages"}],"about":[{"href":"https:\/\/stoetfloorball.dk\/index.php?rest_route=\/wp\/v2\/types\/page"}],"author":[{"embeddable":true,"href":"https:\/\/stoetfloorball.dk\/index.php?rest_route=\/wp\/v2\/users\/1"}],"replies":[{"embeddable":true,"href":"https:\/\/stoetfloorball.dk\/index.php?rest_route=%2Fwp%2Fv2%2Fcomments&post=739"}],"version-history":[{"count":113,"href":"https:\/\/stoetfloorball.dk\/index.php?rest_route=\/wp\/v2\/pages\/739\/revisions"}],"predecessor-version":[{"id":2733,"href":"https:\/\/stoetfloorball.dk\/index.php?rest_route=\/wp\/v2\/pages\/739\/revisions\/2733"}],"wp:attachment":[{"href":"https:\/\/stoetfloorball.dk\/index.php?rest_route=%2Fwp%2Fv2%2Fmedia&parent=739"}],"curies":[{"name":"wp","href":"https:\/\/api.w.org\/{rel}","templated":true}]}}