{"id":2234,"date":"2023-05-09T14:38:16","date_gmt":"2023-05-09T12:38:16","guid":{"rendered":"https:\/\/stoetfloorball.dk\/?page_id=2234"},"modified":"2023-05-17T11:53:28","modified_gmt":"2023-05-17T09:53:28","slug":"vedtaegter","status":"publish","type":"page","link":"https:\/\/stoetfloorball.dk\/?page_id=2234","title":{"rendered":"Vedt\u00e6gter"},"content":{"rendered":"\t\t<div data-elementor-type=\"wp-page\" data-elementor-id=\"2234\" class=\"elementor elementor-2234\">\n\t\t\t\t\t\t<section class=\"elementor-section elementor-top-section elementor-element elementor-element-ee6daef elementor-section-boxed elementor-section-height-default elementor-section-height-default\" data-id=\"ee6daef\" data-element_type=\"section\" data-e-type=\"section\">\n\t\t\t\t\t\t<div class=\"elementor-container elementor-column-gap-default\">\n\t\t\t\t\t<div class=\"elementor-column elementor-col-100 elementor-top-column elementor-element elementor-element-991d91a\" data-id=\"991d91a\" data-element_type=\"column\" data-e-type=\"column\">\n\t\t\t<div class=\"elementor-widget-wrap\">\n\t\t\t\t\t\t\t<\/div>\n\t\t<\/div>\n\t\t\t\t\t<\/div>\n\t\t<\/section>\n\t\t\t\t<section class=\"elementor-section elementor-top-section elementor-element elementor-element-553d39d elementor-section-boxed elementor-section-height-default elementor-section-height-default\" data-id=\"553d39d\" data-element_type=\"section\" data-e-type=\"section\">\n\t\t\t\t\t\t<div class=\"elementor-container elementor-column-gap-default\">\n\t\t\t\t\t<div class=\"elementor-column elementor-col-50 elementor-top-column elementor-element elementor-element-865f699\" data-id=\"865f699\" data-element_type=\"column\" data-e-type=\"column\">\n\t\t\t<div class=\"elementor-widget-wrap elementor-element-populated\">\n\t\t\t\t\t\t<div class=\"elementor-element elementor-element-1bce2d8 elementor-widget elementor-widget-heading\" data-id=\"1bce2d8\" data-element_type=\"widget\" data-e-type=\"widget\" data-widget_type=\"heading.default\">\n\t\t\t\t<div class=\"elementor-widget-container\">\n\t\t\t\t\t<h2 class=\"elementor-heading-title elementor-size-default\">VEDT\u00c6GTER FOR ST\u00d8TTEFORENINGEN<\/h2>\t\t\t\t<\/div>\n\t\t\t\t<\/div>\n\t\t\t\t<div class=\"elementor-element elementor-element-7fe1355 elementor-widget elementor-widget-image\" data-id=\"7fe1355\" data-element_type=\"widget\" data-e-type=\"widget\" data-widget_type=\"image.default\">\n\t\t\t\t<div class=\"elementor-widget-container\">\n\t\t\t\t\t\t\t\t\t\t\t\t\t\t\t<img fetchpriority=\"high\" decoding=\"async\" width=\"512\" height=\"512\" src=\"https:\/\/stoetfloorball.dk\/wp-content\/uploads\/2023\/05\/DtBFa0n4.jpg\" class=\"attachment-large size-large wp-image-2255\" alt=\"\" srcset=\"https:\/\/stoetfloorball.dk\/wp-content\/uploads\/2023\/05\/DtBFa0n4.jpg 512w, https:\/\/stoetfloorball.dk\/wp-content\/uploads\/2023\/05\/DtBFa0n4-300x300.jpg 300w, https:\/\/stoetfloorball.dk\/wp-content\/uploads\/2023\/05\/DtBFa0n4-150x150.jpg 150w\" sizes=\"(max-width: 512px) 100vw, 512px\" \/>\t\t\t\t\t\t\t\t\t\t\t\t\t\t\t<\/div>\n\t\t\t\t<\/div>\n\t\t\t\t\t<\/div>\n\t\t<\/div>\n\t\t\t\t<div class=\"elementor-column elementor-col-50 elementor-top-column elementor-element elementor-element-ff9c5ef\" data-id=\"ff9c5ef\" data-element_type=\"column\" data-e-type=\"column\">\n\t\t\t<div class=\"elementor-widget-wrap elementor-element-populated\">\n\t\t\t\t\t\t<div class=\"elementor-element elementor-element-a574f58 elementor-widget elementor-widget-text-editor\" data-id=\"a574f58\" data-element_type=\"widget\" data-e-type=\"widget\" data-widget_type=\"text-editor.default\">\n\t\t\t\t<div class=\"elementor-widget-container\">\n\t\t\t\t\t\t\t\t\t<p><strong>Foreningens navn, hjemsted og form\u00e5l<\/strong><br \/><strong>\u00a71<\/strong> Foreningens navn er St\u00f8tteforening for Powerchair Floorball Danmark.<\/p><p><strong>\u00a72<\/strong> Foreningens hjemsted er den kommune, hvori Foreningens formand har bop\u00e6l.<\/p><p><strong>\u00a73<\/strong> Foreningens form\u00e5l er at yde \u00f8konomisk st\u00f8tte til spillere og klubber i dansk Powerchair Floorball<\/p><p><strong>Foreningens tilh\u00f8rsforhold<\/strong><\/p><p><strong>\u00a74<\/strong> Foreningen er neutral og ikke medlem af nogen forening eller organisation.<\/p><p><strong>Medlemskab<\/strong><br \/>\u00a75 Alle, som er medlem af en dansk Powerchair Floorball klub, anses som naturligt medlem af foreningen.<\/p>\t\t\t\t\t\t\t\t<\/div>\n\t\t\t\t<\/div>\n\t\t\t\t\t<\/div>\n\t\t<\/div>\n\t\t\t\t\t<\/div>\n\t\t<\/section>\n\t\t\t\t<section class=\"elementor-section elementor-top-section elementor-element elementor-element-642aabf elementor-section-boxed elementor-section-height-default elementor-section-height-default\" data-id=\"642aabf\" data-element_type=\"section\" data-e-type=\"section\">\n\t\t\t\t\t\t<div class=\"elementor-container elementor-column-gap-default\">\n\t\t\t\t\t<div class=\"elementor-column elementor-col-50 elementor-top-column elementor-element elementor-element-af5eb33\" data-id=\"af5eb33\" data-element_type=\"column\" data-e-type=\"column\">\n\t\t\t<div class=\"elementor-widget-wrap elementor-element-populated\">\n\t\t\t\t\t\t<div class=\"elementor-element elementor-element-737673a elementor-widget elementor-widget-text-editor\" data-id=\"737673a\" data-element_type=\"widget\" data-e-type=\"widget\" data-widget_type=\"text-editor.default\">\n\t\t\t\t<div class=\"elementor-widget-container\">\n\t\t\t\t\t\t\t\t\t<p><strong>Generalforsamling<\/strong><br \/><strong>\u00a76<\/strong> Generalforsamlingen er foreningens h\u00f8jeste myndighed. Alle danske Powerchair Floorball klubber har<br \/>to stemmer ved generalforsamlingen. Alle medlemmer kan deltage ved generalforsamlingen.<\/p><p><br \/><strong>\u00a77<\/strong> Generalforsamlingen afholdes hvert andet \u00e5r i ulige \u00e5r.<\/p><p>Eksempel p\u00e5 en dagsorden:<br \/>1) Valg af dirigent<br \/>2) Valg af referent<br \/>3) Bestyrelsens beretning om foreningens aktiviteter det seneste \u00e5r<br \/>4) Det reviderede regnskab forel\u00e6gges til godkendelse<br \/>5) Behandling af indkomne forslag \u2013 herunder vedt\u00e6gts\u00e6ndringer<br \/>6) Eventuelt<br \/>Forslag til behandling under punkt 5 skal fremsendes til idr\u00e6tskoordinatoren senest 14 dage f\u00f8r<br \/>generalforsamlingens afholdelse. P\u00e5 generalforsamlingen afg\u00f8res alle sager ved simpelt stemmeflertal \u2013<br \/>dog kr\u00e6ves til godkendelse af udelukkelse af medlem samt til \u00e6ndring af n\u00e6rv\u00e6rende vedt\u00e6gter 2\/3 af<br \/>de afgivne gyldige stemmer.<\/p>\t\t\t\t\t\t\t\t<\/div>\n\t\t\t\t<\/div>\n\t\t\t\t\t<\/div>\n\t\t<\/div>\n\t\t\t\t<div class=\"elementor-column elementor-col-50 elementor-top-column elementor-element elementor-element-ab8f342\" data-id=\"ab8f342\" data-element_type=\"column\" data-e-type=\"column\">\n\t\t\t<div class=\"elementor-widget-wrap elementor-element-populated\">\n\t\t\t\t\t\t<div class=\"elementor-element elementor-element-8d3093f elementor-widget elementor-widget-image\" data-id=\"8d3093f\" data-element_type=\"widget\" data-e-type=\"widget\" data-widget_type=\"image.default\">\n\t\t\t\t<div class=\"elementor-widget-container\">\n\t\t\t\t\t\t\t\t\t\t\t\t\t\t\t<img decoding=\"async\" width=\"512\" height=\"512\" src=\"https:\/\/stoetfloorball.dk\/wp-content\/uploads\/2023\/05\/x7gM3bYo-1.jpg\" class=\"attachment-large size-large wp-image-2386\" alt=\"\" srcset=\"https:\/\/stoetfloorball.dk\/wp-content\/uploads\/2023\/05\/x7gM3bYo-1.jpg 512w, https:\/\/stoetfloorball.dk\/wp-content\/uploads\/2023\/05\/x7gM3bYo-1-300x300.jpg 300w, https:\/\/stoetfloorball.dk\/wp-content\/uploads\/2023\/05\/x7gM3bYo-1-150x150.jpg 150w\" sizes=\"(max-width: 512px) 100vw, 512px\" \/>\t\t\t\t\t\t\t\t\t\t\t\t\t\t\t<\/div>\n\t\t\t\t<\/div>\n\t\t\t\t\t<\/div>\n\t\t<\/div>\n\t\t\t\t\t<\/div>\n\t\t<\/section>\n\t\t\t\t<section class=\"elementor-section elementor-top-section elementor-element elementor-element-be58c9c elementor-section-boxed elementor-section-height-default elementor-section-height-default\" data-id=\"be58c9c\" data-element_type=\"section\" data-e-type=\"section\">\n\t\t\t\t\t\t<div class=\"elementor-container elementor-column-gap-default\">\n\t\t\t\t\t<div class=\"elementor-column elementor-col-50 elementor-top-column elementor-element elementor-element-7fb3576\" data-id=\"7fb3576\" data-element_type=\"column\" data-e-type=\"column\">\n\t\t\t<div class=\"elementor-widget-wrap elementor-element-populated\">\n\t\t\t\t\t\t<div class=\"elementor-element elementor-element-47bef57 elementor-widget elementor-widget-image\" data-id=\"47bef57\" data-element_type=\"widget\" data-e-type=\"widget\" data-widget_type=\"image.default\">\n\t\t\t\t<div class=\"elementor-widget-container\">\n\t\t\t\t\t\t\t\t\t\t\t\t\t\t\t<img decoding=\"async\" width=\"512\" height=\"512\" src=\"https:\/\/stoetfloorball.dk\/wp-content\/uploads\/2023\/05\/E3-OsQbx.jpg\" class=\"attachment-large size-large wp-image-2387\" alt=\"\" srcset=\"https:\/\/stoetfloorball.dk\/wp-content\/uploads\/2023\/05\/E3-OsQbx.jpg 512w, https:\/\/stoetfloorball.dk\/wp-content\/uploads\/2023\/05\/E3-OsQbx-300x300.jpg 300w, https:\/\/stoetfloorball.dk\/wp-content\/uploads\/2023\/05\/E3-OsQbx-150x150.jpg 150w\" sizes=\"(max-width: 512px) 100vw, 512px\" \/>\t\t\t\t\t\t\t\t\t\t\t\t\t\t\t<\/div>\n\t\t\t\t<\/div>\n\t\t\t\t\t<\/div>\n\t\t<\/div>\n\t\t\t\t<div class=\"elementor-column elementor-col-50 elementor-top-column elementor-element elementor-element-a7ca638\" data-id=\"a7ca638\" data-element_type=\"column\" data-e-type=\"column\">\n\t\t\t<div class=\"elementor-widget-wrap elementor-element-populated\">\n\t\t\t\t\t\t<div class=\"elementor-element elementor-element-30b7fc4 elementor-widget elementor-widget-text-editor\" data-id=\"30b7fc4\" data-element_type=\"widget\" data-e-type=\"widget\" data-widget_type=\"text-editor.default\">\n\t\t\t\t<div class=\"elementor-widget-container\">\n\t\t\t\t\t\t\t\t\t<p><strong>Ledelse<\/strong><br \/><strong>\u00a78<\/strong> Foreningen bestyrelse udg\u00f8res af 3 valgte medlemmer. Bestyrelsesmedlemmer v\u00e6lges for to \u00e5r ad<br \/>gangen p\u00e5 generalforsamlingen. Bestyrelsen konstituerer sig selv med formand, kasserer og sekret\u00e6r.<br \/>Bestyrelsen fasts\u00e6tter selv sin forretningsorden.<\/p><p><strong>H\u00e6ftelse<\/strong><br \/><strong>\u00a79<\/strong> Foreningen h\u00e6fter kun for sine forpligtelser med den af foreningen til enhver tid tilh\u00f8rende formue.<\/p><p><br \/><strong>Tegningregler<\/strong><br \/><strong>\u00a710<\/strong> Bel\u00f8b over 10.000 kr. skal godkendes af kasserer og formand. Kassereren kan selv tegne for bel\u00f8b op<br \/>til 10.000.<\/p>\t\t\t\t\t\t\t\t<\/div>\n\t\t\t\t<\/div>\n\t\t\t\t\t<\/div>\n\t\t<\/div>\n\t\t\t\t\t<\/div>\n\t\t<\/section>\n\t\t\t\t<section class=\"elementor-section elementor-top-section elementor-element elementor-element-304755e elementor-section-boxed elementor-section-height-default elementor-section-height-default\" data-id=\"304755e\" data-element_type=\"section\" data-e-type=\"section\">\n\t\t\t\t\t\t<div class=\"elementor-container elementor-column-gap-default\">\n\t\t\t\t\t<div class=\"elementor-column elementor-col-50 elementor-top-column elementor-element elementor-element-72d233e\" data-id=\"72d233e\" data-element_type=\"column\" data-e-type=\"column\">\n\t\t\t<div class=\"elementor-widget-wrap elementor-element-populated\">\n\t\t\t\t\t\t<div class=\"elementor-element elementor-element-8e14ad4 elementor-widget elementor-widget-text-editor\" data-id=\"8e14ad4\" data-element_type=\"widget\" data-e-type=\"widget\" data-widget_type=\"text-editor.default\">\n\t\t\t\t<div class=\"elementor-widget-container\">\n\t\t\t\t\t\t\t\t\t<p><strong>Regnskabs\u00e5r<\/strong><br \/><strong>\u00a711<\/strong> Foreningens regnskabs\u00e5r l\u00f8ber fra 1. Januar til 31. December.<br \/>Vedt\u00e6gts\u00e6ndringer og foreningens opl\u00f8sning<\/p><p><br \/><strong>\u00a712<\/strong> Vedt\u00e6gts\u00e6ndringer kan ske p\u00e5 generalforsamlingen, n\u00e5r mindst 2\/3 af de stemmeberettigede<br \/>stemmer herfor.<\/p><p><br \/><strong>\u00a713<\/strong> Opl\u00f8sning af foreningen kan ske, n\u00e5r 2\/3 af medlemmerne stemmer for opl\u00f8sning. Hvis der ikke er<br \/>2\/3 af medlemmerne til stede p\u00e5 generalforsamlingen kan der indkaldes til en ekstraordin\u00e6r<br \/>generalforsamling som er beslutningsdygtig ved simpelt flertal.<\/p><p><strong>\u00a714<\/strong> Ved oph\u00f8r af foreningen skal formuen anvendes til form\u00e5l indenfor parasporten. Formuens fordeling<br \/>besluttes p\u00e5 den opl\u00f8sende generalforsamling.<\/p><p><br \/>Vedt\u00e6gterne er godkendt af de 3 deltagende klubber p\u00e5 den stiftende generalforsamling d. 4\/2 &#8211; 2021.<\/p>\t\t\t\t\t\t\t\t<\/div>\n\t\t\t\t<\/div>\n\t\t\t\t\t<\/div>\n\t\t<\/div>\n\t\t\t\t<div class=\"elementor-column elementor-col-50 elementor-top-column elementor-element elementor-element-cfea0ca\" data-id=\"cfea0ca\" data-element_type=\"column\" data-e-type=\"column\">\n\t\t\t<div class=\"elementor-widget-wrap elementor-element-populated\">\n\t\t\t\t\t\t<div class=\"elementor-element elementor-element-6924a93 elementor-widget elementor-widget-image\" data-id=\"6924a93\" data-element_type=\"widget\" data-e-type=\"widget\" data-widget_type=\"image.default\">\n\t\t\t\t<div class=\"elementor-widget-container\">\n\t\t\t\t\t\t\t\t\t\t\t\t\t\t\t<img loading=\"lazy\" decoding=\"async\" width=\"1024\" height=\"683\" src=\"https:\/\/stoetfloorball.dk\/wp-content\/uploads\/2023\/05\/PCH-3568-1024x683.jpg\" class=\"attachment-large size-large wp-image-2399\" alt=\"\" srcset=\"https:\/\/stoetfloorball.dk\/wp-content\/uploads\/2023\/05\/PCH-3568-1024x683.jpg 1024w, https:\/\/stoetfloorball.dk\/wp-content\/uploads\/2023\/05\/PCH-3568-scaled-e1683742391727-300x200.jpg 300w, https:\/\/stoetfloorball.dk\/wp-content\/uploads\/2023\/05\/PCH-3568-768x512.jpg 768w, https:\/\/stoetfloorball.dk\/wp-content\/uploads\/2023\/05\/PCH-3568-1536x1024.jpg 1536w, https:\/\/stoetfloorball.dk\/wp-content\/uploads\/2023\/05\/PCH-3568-2048x1365.jpg 2048w, https:\/\/stoetfloorball.dk\/wp-content\/uploads\/2023\/05\/PCH-3568-scaled-e1683742391727.jpg 600w\" sizes=\"(max-width: 1024px) 100vw, 1024px\" \/>\t\t\t\t\t\t\t\t\t\t\t\t\t\t\t<\/div>\n\t\t\t\t<\/div>\n\t\t\t\t\t<\/div>\n\t\t<\/div>\n\t\t\t\t\t<\/div>\n\t\t<\/section>\n\t\t\t\t<\/div>\n\t\t","protected":false},"excerpt":{"rendered":"<p>VEDT\u00c6GTER FOR ST\u00d8TTEFORENINGEN Foreningens navn, hjemsted og form\u00e5l\u00a71 Foreningens navn er St\u00f8tteforening for Powerchair Floorball Danmark. \u00a72 Foreningens hjemsted er den kommune, hvori Foreningens formand har bop\u00e6l. \u00a73 Foreningens form\u00e5l er at yde \u00f8konomisk st\u00f8tte til spillere og klubber i dansk Powerchair Floorball Foreningens tilh\u00f8rsforhold \u00a74 Foreningen er neutral og ikke medlem af nogen forening &hellip;<\/p>\n<p class=\"read-more\"> <a class=\"\" href=\"https:\/\/stoetfloorball.dk\/?page_id=2234\"> <span class=\"screen-reader-text\">Vedt\u00e6gter<\/span> L\u00e6s mere &raquo;<\/a><\/p>\n","protected":false},"author":1,"featured_media":0,"parent":0,"menu_order":0,"comment_status":"closed","ping_status":"closed","template":"","meta":{"site-sidebar-layout":"no-sidebar","site-content-layout":"page-builder","ast-global-header-display":"","ast-main-header-display":"","ast-hfb-above-header-display":"","ast-hfb-below-header-display":"","ast-hfb-mobile-header-display":"","site-post-title":"disabled","ast-breadcrumbs-content":"","ast-featured-img":"disabled","footer-sml-layout":"","theme-transparent-header-meta":"","adv-header-id-meta":"","stick-header-meta":"","header-above-stick-meta":"","header-main-stick-meta":"","header-below-stick-meta":"","footnotes":""},"class_list":["post-2234","page","type-page","status-publish","hentry"],"_links":{"self":[{"href":"https:\/\/stoetfloorball.dk\/index.php?rest_route=\/wp\/v2\/pages\/2234","targetHints":{"allow":["GET"]}}],"collection":[{"href":"https:\/\/stoetfloorball.dk\/index.php?rest_route=\/wp\/v2\/pages"}],"about":[{"href":"https:\/\/stoetfloorball.dk\/index.php?rest_route=\/wp\/v2\/types\/page"}],"author":[{"embeddable":true,"href":"https:\/\/stoetfloorball.dk\/index.php?rest_route=\/wp\/v2\/users\/1"}],"replies":[{"embeddable":true,"href":"https:\/\/stoetfloorball.dk\/index.php?rest_route=%2Fwp%2Fv2%2Fcomments&post=2234"}],"version-history":[{"count":46,"href":"https:\/\/stoetfloorball.dk\/index.php?rest_route=\/wp\/v2\/pages\/2234\/revisions"}],"predecessor-version":[{"id":2656,"href":"https:\/\/stoetfloorball.dk\/index.php?rest_route=\/wp\/v2\/pages\/2234\/revisions\/2656"}],"wp:attachment":[{"href":"https:\/\/stoetfloorball.dk\/index.php?rest_route=%2Fwp%2Fv2%2Fmedia&parent=2234"}],"curies":[{"name":"wp","href":"https:\/\/api.w.org\/{rel}","templated":true}]}}